{"id":714,"date":"2025-12-02T17:43:40","date_gmt":"2025-12-02T20:43:40","guid":{"rendered":"https:\/\/deiadpa.com.br\/?page_id=714"},"modified":"2025-12-11T14:06:51","modified_gmt":"2025-12-11T17:06:51","slug":"igrejas-na-regiao-norte-eixo-baltazar","status":"publish","type":"page","link":"https:\/\/deiadpa.com.br\/index.php\/nossa-igreja\/igrejas-de-bairros\/igrejas-na-regiao-norte-eixo-baltazar\/","title":{"rendered":"Igrejas na Regi\u00e3o Norte\/ Eixo Baltazar"},"content":{"rendered":"<table style=\"height: 2300px;\" width=\"875\">\n<tbody>\n<tr>\n<td width=\"142\">\n<h2 style=\"text-align: center;\"><span style=\"color: #0000ff;\">BAIRRO<\/span><\/h2>\n<\/td>\n<td style=\"text-align: center;\" width=\"104\">\n<h2><span style=\"color: #0000ff;\">IGREJA<\/span><\/h2>\n<\/td>\n<td style=\"text-align: center;\" width=\"151\">\n<h2><span style=\"color: #0000ff;\">ENDERE\u00c7O<\/span><\/h2>\n<\/td>\n<td width=\"170\">\n<h2 style=\"text-align: center;\"><span style=\"color: #0000ff;\">CLIQUE PARA VER<\/span><\/h2>\n<\/td>\n<\/tr>\n<tr>\n<td width=\"142\">\n<p style=\"text-align: center;\"><a href=\"https:\/\/maps.app.goo.gl\/o1XeoRBFAQgicPfF6\">Cristo Redentor<\/a><\/p>\n<\/td>\n<td style=\"text-align: center;\" width=\"104\"><a href=\"https:\/\/maps.app.goo.gl\/o1XeoRBFAQgicPfF6\">Distrito 21 Congrega\u00e7\u00e3o Sede Educand\u00e1rio<\/a><\/td>\n<td width=\"151\">\n<p style=\"text-align: center;\"><a href=\"https:\/\/maps.app.goo.gl\/o1XeoRBFAQgicPfF6\">Av. Bras\u00edlia, 321 &#8211; Vila Ipiranga, Porto Alegre &#8211; RS, 91370-140<\/a><\/p>\n<\/td>\n<td style=\"text-align: center;\" width=\"170\"><a href=\"https:\/\/maps.app.goo.gl\/o1XeoRBFAQgicPfF6\"><img loading=\"lazy\" decoding=\"async\" class=\"alignnone wp-image-845\" src=\"http:\/\/deiadpa.com.br\/wp-content\/uploads\/2025\/12\/21-289x300.png\" alt=\"\" width=\"195\" height=\"202\" srcset=\"https:\/\/deiadpa.com.br\/wp-content\/uploads\/2025\/12\/21-289x300.png 289w, https:\/\/deiadpa.com.br\/wp-content\/uploads\/2025\/12\/21.png 421w\" sizes=\"(max-width: 195px) 100vw, 195px\" \/><\/a><\/td>\n<\/tr>\n<tr>\n<td rowspan=\"3\" width=\"142\">\n<p style=\"text-align: center;\"><a href=\"https:\/\/maps.app.goo.gl\/seiHJGXgAQJNEoai7\">Sarandi<\/a><\/p>\n<\/td>\n<td style=\"text-align: center;\" width=\"104\"><a href=\"https:\/\/maps.app.goo.gl\/seiHJGXgAQJNEoai7\">Distrito 01 Congrega\u00e7\u00e3o Sede Elisabeth<\/a><\/td>\n<td width=\"151\">\n<p style=\"text-align: center;\"><a href=\"https:\/\/maps.app.goo.gl\/seiHJGXgAQJNEoai7\">R. Figueiredo Mascarenhas, 496 &#8211; Sarandi, Porto Alegre &#8211; RS, 91120-120<\/a><\/p>\n<\/td>\n<td style=\"text-align: center;\" width=\"170\"><a href=\"https:\/\/maps.app.goo.gl\/seiHJGXgAQJNEoai7\"><img loading=\"lazy\" decoding=\"async\" class=\"alignnone wp-image-847\" src=\"http:\/\/deiadpa.com.br\/wp-content\/uploads\/2025\/12\/01.png\" alt=\"\" width=\"195\" height=\"189\" \/><\/a><\/td>\n<\/tr>\n<tr>\n<td width=\"104\">\n<p style=\"text-align: center;\"><a href=\"https:\/\/maps.app.goo.gl\/ugVrArG8LYr78DhEA\">Distrito 48 Congrega\u00e7\u00e3o Sede Uni\u00e3o<\/a><\/p>\n<\/td>\n<td style=\"text-align: center;\" width=\"151\"><a href=\"https:\/\/maps.app.goo.gl\/ugVrArG8LYr78DhEA\">R. Prof. Basil Sefton, 116 &#8211; Sarandi, Porto Alegre &#8211; RS, 91120-620<\/a><\/td>\n<td style=\"text-align: center;\" width=\"170\"><a href=\"https:\/\/maps.app.goo.gl\/ugVrArG8LYr78DhEA\"><img loading=\"lazy\" decoding=\"async\" class=\"alignnone wp-image-849\" src=\"http:\/\/deiadpa.com.br\/wp-content\/uploads\/2025\/12\/48.png\" alt=\"\" width=\"199\" height=\"148\" \/><\/a><\/td>\n<\/tr>\n<tr>\n<td style=\"text-align: center;\" width=\"104\"><a href=\"https:\/\/maps.app.goo.gl\/a9oAvhDcK1NMyZ167\">Distrito 44 Congrega\u00e7\u00e3o Sede Meneguethi<\/a><\/td>\n<td width=\"151\">\n<p style=\"text-align: center;\"><a href=\"https:\/\/maps.app.goo.gl\/a9oAvhDcK1NMyZ167\">Rua Serafim De Alencastro, 793 &#8211; Sarandi, Porto Alegre &#8211; RS, 91110-200<\/a><\/p>\n<\/td>\n<td style=\"text-align: center;\" width=\"170\"><a href=\"https:\/\/maps.app.goo.gl\/a9oAvhDcK1NMyZ167\"><img loading=\"lazy\" decoding=\"async\" class=\"alignnone wp-image-851\" src=\"http:\/\/deiadpa.com.br\/wp-content\/uploads\/2025\/12\/44.png\" alt=\"\" width=\"197\" height=\"157\" \/><\/a><\/td>\n<\/tr>\n<tr>\n<td rowspan=\"2\" width=\"142\">\n<p style=\"text-align: center;\"><a href=\"https:\/\/maps.app.goo.gl\/jBcLRng4pXmL39vh8\">Santa Rosa<\/a><\/p>\n<\/td>\n<td style=\"text-align: center;\" width=\"104\"><a href=\"https:\/\/maps.app.goo.gl\/b7toQiEvdpDcswaY8\">Distrito 47 Congrega\u00e7\u00e3o Sede Nils Taranger<\/a><\/td>\n<td style=\"text-align: center;\" width=\"151\"><a href=\"https:\/\/maps.app.goo.gl\/b7toQiEvdpDcswaY8\">Rua Affonso Paulo Feij\u00f3, 554 &#8211; Sarandi, Porto Alegre &#8211; RS, 91140-070<\/a><\/td>\n<td width=\"170\">\n<p style=\"text-align: center;\"><a href=\"https:\/\/maps.app.goo.gl\/b7toQiEvdpDcswaY8\"><img loading=\"lazy\" decoding=\"async\" class=\"alignnone wp-image-853\" src=\"http:\/\/deiadpa.com.br\/wp-content\/uploads\/2025\/12\/47.png\" alt=\"\" width=\"193\" height=\"169\" \/><\/a><\/p>\n<\/td>\n<\/tr>\n<tr>\n<td width=\"104\">\n<p style=\"text-align: center;\"><a href=\"https:\/\/maps.app.goo.gl\/jBcLRng4pXmL39vh8\">Distrito 14 Congrega\u00e7\u00e3o Sede Gustavo Nordlund<\/a><\/p>\n<\/td>\n<td style=\"text-align: center;\" width=\"151\"><a href=\"https:\/\/maps.app.goo.gl\/jBcLRng4pXmL39vh8\">Av. Bernardino de Oliveira Paim, 111 &#8211; Santa Rosa de Lima, Porto Alegre &#8211; RS, 91160-300<\/a><\/td>\n<td width=\"170\">\n<p style=\"text-align: center;\"><a href=\"https:\/\/maps.app.goo.gl\/jBcLRng4pXmL39vh8\"><img loading=\"lazy\" decoding=\"async\" class=\"alignnone wp-image-852\" src=\"http:\/\/deiadpa.com.br\/wp-content\/uploads\/2025\/12\/14.png\" alt=\"\" width=\"201\" height=\"142\" \/><\/a><\/p>\n<\/td>\n<\/tr>\n<tr>\n<td rowspan=\"5\" width=\"142\">&nbsp;<\/p>\n<p style=\"text-align: center;\"><a href=\"https:\/\/maps.app.goo.gl\/pynqmGrJtNZ1LDk39\">Rubem Berta<\/a><\/p>\n<\/td>\n<td style=\"text-align: center;\" width=\"104\"><a href=\"https:\/\/maps.app.goo.gl\/6cDenYv2otoUxuCZ9\">Distrito 55 Congrega\u00e7\u00e3o Sede Dois Irm\u00e3os<\/a><\/td>\n<td width=\"151\">\n<p style=\"text-align: center;\"><a href=\"https:\/\/maps.app.goo.gl\/6cDenYv2otoUxuCZ9\">R. Moroti Baldvin Michel, 60 &#8211; Rubem Berta, Porto Alegre &#8211; RS, 91180-125<\/a><\/p>\n<\/td>\n<td style=\"text-align: center;\" width=\"170\"><a href=\"https:\/\/maps.app.goo.gl\/6cDenYv2otoUxuCZ9\"><img loading=\"lazy\" decoding=\"async\" class=\"alignnone wp-image-856\" src=\"http:\/\/deiadpa.com.br\/wp-content\/uploads\/2025\/12\/55-286x300.png\" alt=\"\" width=\"198\" height=\"207\" srcset=\"https:\/\/deiadpa.com.br\/wp-content\/uploads\/2025\/12\/55-286x300.png 286w, https:\/\/deiadpa.com.br\/wp-content\/uploads\/2025\/12\/55.png 566w\" sizes=\"(max-width: 198px) 100vw, 198px\" \/><\/a><\/td>\n<\/tr>\n<tr>\n<td width=\"104\">\n<p style=\"text-align: center;\"><a href=\"https:\/\/maps.app.goo.gl\/pynqmGrJtNZ1LDk39\">Distrito 45 Congrega\u00e7\u00e3o Sede Nova Esperan\u00e7a<\/a><\/p>\n<\/td>\n<td style=\"text-align: center;\" width=\"151\"><a href=\"https:\/\/maps.app.goo.gl\/pynqmGrJtNZ1LDk39\">Av. \u00c9lvio Ant\u00f4nio Filipetto, 240 &#8211; Costa E Silva, Porto Alegre &#8211; RS, 91150-265<\/a><\/td>\n<td style=\"text-align: center;\" width=\"170\"><a href=\"https:\/\/maps.app.goo.gl\/pynqmGrJtNZ1LDk39\"><img loading=\"lazy\" decoding=\"async\" class=\"alignnone wp-image-854\" src=\"http:\/\/deiadpa.com.br\/wp-content\/uploads\/2025\/12\/45.png\" alt=\"\" width=\"200\" height=\"159\" \/><\/a><\/td>\n<\/tr>\n<tr>\n<td width=\"104\">\n<p style=\"text-align: center;\"><a href=\"https:\/\/maps.app.goo.gl\/h9evUiVohFysVE4SA\">Distrito 34 Congrega\u00e7\u00e3o Sede Rubem Berta<\/a><\/p>\n<\/td>\n<td style=\"text-align: center;\" width=\"151\"><a href=\"https:\/\/maps.app.goo.gl\/h9evUiVohFysVE4SA\">R. Ricardo Belis\u00e1rio da Silva, 219 &#8211; M\u00e1rio Quintana, Porto Alegre &#8211; RS, 91250-655<\/a><\/td>\n<td style=\"text-align: center;\" width=\"170\"><a href=\"https:\/\/maps.app.goo.gl\/h9evUiVohFysVE4SA\"><img loading=\"lazy\" decoding=\"async\" class=\"alignnone wp-image-857\" src=\"http:\/\/deiadpa.com.br\/wp-content\/uploads\/2025\/12\/34-300x263.png\" alt=\"\" width=\"202\" height=\"177\" srcset=\"https:\/\/deiadpa.com.br\/wp-content\/uploads\/2025\/12\/34-300x263.png 300w, https:\/\/deiadpa.com.br\/wp-content\/uploads\/2025\/12\/34-768x674.png 768w, https:\/\/deiadpa.com.br\/wp-content\/uploads\/2025\/12\/34.png 771w\" sizes=\"(max-width: 202px) 100vw, 202px\" \/><\/a><\/td>\n<\/tr>\n<tr>\n<td style=\"text-align: center;\" width=\"104\"><a href=\"https:\/\/maps.app.goo.gl\/wDsdk8mVhz6NQ3K67\">Distrito 49 Congrega\u00e7\u00e3o Sede Recanto do Sabi\u00e1<\/a><\/td>\n<td width=\"151\">\n<p style=\"text-align: center;\"><a href=\"https:\/\/maps.app.goo.gl\/wDsdk8mVhz6NQ3K67\">R. das Arauc\u00e1rias, 397 &#8211; M\u00e1rio Quintana, Porto Alegre &#8211; RS, 91250-680<\/a><\/p>\n<\/td>\n<td style=\"text-align: center;\" width=\"170\"><a href=\"https:\/\/maps.app.goo.gl\/wDsdk8mVhz6NQ3K67\"><img loading=\"lazy\" decoding=\"async\" class=\"alignnone wp-image-859\" src=\"http:\/\/deiadpa.com.br\/wp-content\/uploads\/2025\/12\/49.png\" alt=\"\" width=\"205\" height=\"174\" \/><\/a><\/td>\n<\/tr>\n<tr>\n<td style=\"text-align: center;\" width=\"104\"><a href=\"https:\/\/maps.app.goo.gl\/czvqP6Gpimk8EuH48\">Distrito 64 Congrega\u00e7\u00e3o Sede Timba\u00fava<\/a><\/td>\n<td style=\"text-align: center;\" width=\"151\"><a href=\"https:\/\/maps.app.goo.gl\/czvqP6Gpimk8EuH48\">R. Dr. Paulo Smania, 31 &#8211; M\u00e1rio Quintana, Porto Alegre &#8211; RS, 91253-090<\/a><\/td>\n<td width=\"170\">\n<p style=\"text-align: center;\"><a href=\"https:\/\/maps.app.goo.gl\/czvqP6Gpimk8EuH48\"><img loading=\"lazy\" decoding=\"async\" class=\"alignnone wp-image-861\" src=\"http:\/\/deiadpa.com.br\/wp-content\/uploads\/2025\/12\/64-300x215.png\" alt=\"\" width=\"205\" height=\"147\" srcset=\"https:\/\/deiadpa.com.br\/wp-content\/uploads\/2025\/12\/64-300x215.png 300w, https:\/\/deiadpa.com.br\/wp-content\/uploads\/2025\/12\/64-768x551.png 768w, https:\/\/deiadpa.com.br\/wp-content\/uploads\/2025\/12\/64.png 820w\" sizes=\"(max-width: 205px) 100vw, 205px\" \/><\/a><\/p>\n<\/td>\n<\/tr>\n<tr>\n<td rowspan=\"3\" width=\"142\">\n<p style=\"text-align: center;\"><a href=\"https:\/\/maps.app.goo.gl\/EWF72L3hLWDrP4pt7\">Costa e Silva \/\u00a0 Santa F\u00e9<\/a><\/p>\n<\/td>\n<td style=\"text-align: center;\" width=\"104\"><a href=\"https:\/\/maps.app.goo.gl\/EWF72L3hLWDrP4pt7\">Distrito 46 Congrega\u00e7\u00e3o Sede Costa e Silva<\/a><\/td>\n<td style=\"text-align: center;\" width=\"151\"><a href=\"https:\/\/maps.app.goo.gl\/EWF72L3hLWDrP4pt7\">Av. Dante Angelo Pilla, 455 &#8211; Costa E Silva, Porto Alegre &#8211; RS, 91150-080<\/a><\/td>\n<td width=\"170\">\n<p style=\"text-align: center;\"><a href=\"https:\/\/maps.app.goo.gl\/EWF72L3hLWDrP4pt7\"><img loading=\"lazy\" decoding=\"async\" class=\"alignnone wp-image-863\" src=\"http:\/\/deiadpa.com.br\/wp-content\/uploads\/2025\/12\/46.png\" alt=\"\" width=\"204\" height=\"128\" \/><\/a><\/p>\n<\/td>\n<\/tr>\n<tr>\n<td width=\"104\">\n<p style=\"text-align: center;\"><a href=\"https:\/\/maps.app.goo.gl\/TfwMfXNPEtKYb1yi8\">Distrito 53 Congrega\u00e7\u00e3o Sede Laranjeiras<\/a><\/p>\n<\/td>\n<td style=\"text-align: center;\" width=\"151\"><a href=\"https:\/\/maps.app.goo.gl\/TfwMfXNPEtKYb1yi8\">R. Gen. Sadi Cahem Fischer, 380 &#8211; Rubem Berta, Porto Alegre &#8211; RS, 91180-580<\/a><\/td>\n<td style=\"text-align: center;\" width=\"170\"><a href=\"https:\/\/maps.app.goo.gl\/TfwMfXNPEtKYb1yi8\"><img loading=\"lazy\" decoding=\"async\" class=\"alignnone wp-image-864\" src=\"http:\/\/deiadpa.com.br\/wp-content\/uploads\/2025\/12\/53-300x265.png\" alt=\"\" width=\"201\" height=\"177\" srcset=\"https:\/\/deiadpa.com.br\/wp-content\/uploads\/2025\/12\/53-300x265.png 300w, https:\/\/deiadpa.com.br\/wp-content\/uploads\/2025\/12\/53-768x678.png 768w, https:\/\/deiadpa.com.br\/wp-content\/uploads\/2025\/12\/53.png 1024w\" sizes=\"(max-width: 201px) 100vw, 201px\" \/><\/a><\/td>\n<\/tr>\n<tr>\n<td style=\"text-align: center;\" width=\"104\"><a href=\"https:\/\/maps.app.goo.gl\/SWDpEVxKrEkgm8tk8\">Distrito 56 Congrega\u00e7\u00e3o Sede Santa F\u00e9<\/a><\/td>\n<td width=\"151\">\n<p style=\"text-align: center;\"><a href=\"https:\/\/maps.app.goo.gl\/SWDpEVxKrEkgm8tk8\">Rua E da Jo\u00e3o Pereira dos Santos, 115 &#8211; Costa E Silva, Porto Alegre &#8211; RS, 91150-094<\/a><\/p>\n<\/td>\n<td style=\"text-align: center;\" width=\"170\"><a href=\"https:\/\/maps.app.goo.gl\/SWDpEVxKrEkgm8tk8\"><img loading=\"lazy\" decoding=\"async\" class=\"alignnone wp-image-865\" src=\"http:\/\/deiadpa.com.br\/wp-content\/uploads\/2025\/12\/56-273x300.png\" alt=\"\" width=\"199\" height=\"218\" srcset=\"https:\/\/deiadpa.com.br\/wp-content\/uploads\/2025\/12\/56-273x300.png 273w, https:\/\/deiadpa.com.br\/wp-content\/uploads\/2025\/12\/56.png 478w\" sizes=\"(max-width: 199px) 100vw, 199px\" \/><\/a><\/td>\n<\/tr>\n<tr>\n<td rowspan=\"3\" width=\"142\">\n<p style=\"text-align: center;\"><a href=\"https:\/\/maps.app.goo.gl\/SLZWNCc66gp4gc6i8\">Leopoldina<\/a><\/p>\n<\/td>\n<td style=\"text-align: center;\" width=\"104\"><a href=\"https:\/\/maps.app.goo.gl\/SLZWNCc66gp4gc6i8\">Distrito 20 Congrega\u00e7\u00e3o Sede Jardim Leopoldina<\/a><\/td>\n<td style=\"text-align: center;\" width=\"151\"><a href=\"https:\/\/maps.app.goo.gl\/SLZWNCc66gp4gc6i8\">Estr. Martim F\u00e9lix Berta, 789 &#8211; Jardim Dona Leopoldina, Porto Alegre &#8211; RS, 91250-200<\/a><\/td>\n<td width=\"170\">\n<p style=\"text-align: center;\"><a href=\"https:\/\/maps.app.goo.gl\/SLZWNCc66gp4gc6i8\"><img loading=\"lazy\" decoding=\"async\" class=\"alignnone wp-image-867\" src=\"http:\/\/deiadpa.com.br\/wp-content\/uploads\/2025\/12\/20.png\" alt=\"\" width=\"201\" height=\"168\" \/><\/a><\/p>\n<\/td>\n<\/tr>\n<tr>\n<td width=\"104\">\n<p style=\"text-align: center;\"><a href=\"https:\/\/maps.app.goo.gl\/AgPRvcSiUUJj8Yvv5\">Distrito 39 Congrega\u00e7\u00e3o Sede Associa\u00e7\u00e3o<\/a><\/p>\n<\/td>\n<td style=\"text-align: center;\" width=\"151\"><a href=\"https:\/\/maps.app.goo.gl\/AgPRvcSiUUJj8Yvv5\">R. Prof. Augusto Osvaldo Thiesen, 292 &#8211; Rubem Berta, Porto Alegre &#8211; RS, 91250-340<\/a><\/td>\n<td style=\"text-align: center;\" width=\"170\"><a href=\"https:\/\/maps.app.goo.gl\/AgPRvcSiUUJj8Yvv5\"><img loading=\"lazy\" decoding=\"async\" class=\"alignnone wp-image-868\" src=\"http:\/\/deiadpa.com.br\/wp-content\/uploads\/2025\/12\/39.png\" alt=\"\" width=\"204\" height=\"134\" \/><\/a><\/td>\n<\/tr>\n<tr>\n<td style=\"text-align: center;\" width=\"104\"><a href=\"https:\/\/maps.app.goo.gl\/Q7fxosffyanNKGND9\">Distrito 63 Congrega\u00e7\u00e3o Sede Rubem Berta II<\/a><\/td>\n<td style=\"text-align: center;\" width=\"151\"><a href=\"https:\/\/maps.app.goo.gl\/Q7fxosffyanNKGND9\">R. Dom\u00eanico Feoli, 465 &#8211; Rubem Berta, Porto Alegre &#8211; RS, 91250-580<\/a><\/td>\n<td width=\"170\">\n<p style=\"text-align: center;\"><a href=\"https:\/\/maps.app.goo.gl\/Q7fxosffyanNKGND9\"><img loading=\"lazy\" decoding=\"async\" class=\"alignnone wp-image-869\" src=\"http:\/\/deiadpa.com.br\/wp-content\/uploads\/2025\/12\/63.png\" alt=\"\" width=\"204\" height=\"176\" \/><\/a><\/p>\n<\/td>\n<\/tr>\n<tr>\n<td width=\"142\">\n<p style=\"text-align: center;\"><a href=\"https:\/\/maps.app.goo.gl\/JHCCruj2PWbs7wzz5\">Passo das Pedras<\/a><\/p>\n<\/td>\n<td style=\"text-align: center;\" width=\"104\"><a href=\"https:\/\/maps.app.goo.gl\/JHCCruj2PWbs7wzz5\">Distrito 03 Congrega\u00e7\u00e3o Sede Passo das Pedras<\/a><\/td>\n<td style=\"text-align: center;\" width=\"151\"><a href=\"https:\/\/maps.app.goo.gl\/JHCCruj2PWbs7wzz5\">Av. Gomes de Carvalho, 712 &#8211; Passo das Pedras, Porto Alegre &#8211; RS, 91230-060<\/a><\/td>\n<td width=\"170\">\n<p style=\"text-align: center;\"><a href=\"https:\/\/maps.app.goo.gl\/JHCCruj2PWbs7wzz5\"><img loading=\"lazy\" decoding=\"async\" class=\"alignnone wp-image-870\" src=\"http:\/\/deiadpa.com.br\/wp-content\/uploads\/2025\/12\/03.png\" alt=\"\" width=\"199\" height=\"187\" \/><\/a><\/p>\n<\/td>\n<\/tr>\n<tr>\n<td width=\"142\">\n<p style=\"text-align: center;\"><a href=\"https:\/\/maps.app.goo.gl\/N6JeFjngtWU4L99s5\">Safira<\/a><\/p>\n<\/td>\n<td style=\"text-align: center;\" width=\"104\"><a href=\"https:\/\/maps.app.goo.gl\/N6JeFjngtWU4L99s5\">Distrito 16 Congrega\u00e7\u00e3o Sede Safira<\/a><\/td>\n<td style=\"text-align: center;\" width=\"151\"><a href=\"https:\/\/maps.app.goo.gl\/N6JeFjngtWU4L99s5\">Av. Delegado Ely Corr\u00eaa Prado, 1375 &#8211; M\u00e1rio Quintana, Porto Alegre &#8211; RS, 91260-300<\/a><\/td>\n<td width=\"170\">\n<p style=\"text-align: center;\"><a href=\"https:\/\/maps.app.goo.gl\/N6JeFjngtWU4L99s5\"><img loading=\"lazy\" decoding=\"async\" class=\"alignnone wp-image-871\" src=\"http:\/\/deiadpa.com.br\/wp-content\/uploads\/2025\/12\/16-300x227.png\" alt=\"\" width=\"197\" height=\"149\" srcset=\"https:\/\/deiadpa.com.br\/wp-content\/uploads\/2025\/12\/16-300x227.png 300w, https:\/\/deiadpa.com.br\/wp-content\/uploads\/2025\/12\/16-768x581.png 768w, https:\/\/deiadpa.com.br\/wp-content\/uploads\/2025\/12\/16.png 775w\" sizes=\"(max-width: 197px) 100vw, 197px\" \/><\/a><\/p>\n<\/td>\n<\/tr>\n<tr>\n<td rowspan=\"2\" width=\"142\">\n<p style=\"text-align: center;\"><a href=\"https:\/\/maps.app.goo.gl\/nFP2Mj9dxn16ZwdV6\">M\u00e1rio Quintana<\/a><\/p>\n<\/td>\n<td style=\"text-align: center;\" width=\"104\"><a href=\"https:\/\/maps.app.goo.gl\/nFP2Mj9dxn16ZwdV6\">Distrito 29 Congrega\u00e7\u00e3o Sede M\u00e1rio Quintana<\/a><\/td>\n<td style=\"text-align: center;\" width=\"151\"><a href=\"https:\/\/maps.app.goo.gl\/nFP2Mj9dxn16ZwdV6\">Rua Manoel Marques, 175 &#8211; Jardim Leopoldina, Porto Alegre &#8211; RS, 91260-510<\/a><\/td>\n<td width=\"170\">\n<p style=\"text-align: center;\"><a href=\"https:\/\/maps.app.goo.gl\/nFP2Mj9dxn16ZwdV6\"><img loading=\"lazy\" decoding=\"async\" class=\"alignnone wp-image-873\" src=\"http:\/\/deiadpa.com.br\/wp-content\/uploads\/2025\/12\/29-300x168.png\" alt=\"\" width=\"200\" height=\"112\" srcset=\"https:\/\/deiadpa.com.br\/wp-content\/uploads\/2025\/12\/29-300x168.png 300w, https:\/\/deiadpa.com.br\/wp-content\/uploads\/2025\/12\/29.png 543w\" sizes=\"(max-width: 200px) 100vw, 200px\" \/><\/a><\/p>\n<\/td>\n<\/tr>\n<tr>\n<td width=\"104\">\n<p style=\"text-align: center;\"><a href=\"https:\/\/maps.app.goo.gl\/desxepMpDMVZ3Qdy8\">Distrito 50 Congrega\u00e7\u00e3o Sede Jardim Prot\u00e1sio Alves<\/a><\/p>\n<\/td>\n<td style=\"text-align: center;\" width=\"151\"><a href=\"https:\/\/maps.app.goo.gl\/desxepMpDMVZ3Qdy8\">Rua Egidio Piccoli, 76 &#8211; M\u00e1rio Quintana, Porto Alegre &#8211; RS, 91263-200<\/a><\/td>\n<td width=\"170\">\n<p style=\"text-align: center;\"><a href=\"https:\/\/maps.app.goo.gl\/desxepMpDMVZ3Qdy8\"><img loading=\"lazy\" decoding=\"async\" class=\"alignnone wp-image-875\" src=\"http:\/\/deiadpa.com.br\/wp-content\/uploads\/2025\/12\/50.png\" alt=\"\" width=\"196\" height=\"123\" \/><\/a><\/p>\n<\/td>\n<\/tr>\n<tr>\n<td rowspan=\"2\" width=\"142\">\n<p style=\"text-align: center;\"><a href=\"https:\/\/maps.app.goo.gl\/nKbHnyBHRDog3iVW9\">Morro Santana<\/a><\/p>\n<\/td>\n<td style=\"text-align: center;\" width=\"104\"><a href=\"https:\/\/maps.app.goo.gl\/nKbHnyBHRDog3iVW9\">Distrito 27 Congrega\u00e7\u00e3o Sede Petr\u00f3polis<\/a><\/td>\n<td style=\"text-align: center;\" width=\"151\"><a href=\"https:\/\/maps.app.goo.gl\/nKbHnyBHRDog3iVW9\">R. Asteca, 46 &#8211; Morro Santana, Porto Alegre &#8211; RS, 91260-060<\/a><\/td>\n<td width=\"170\">\n<p style=\"text-align: center;\"><a href=\"https:\/\/maps.app.goo.gl\/nKbHnyBHRDog3iVW9\"><img loading=\"lazy\" decoding=\"async\" class=\"alignnone wp-image-876\" src=\"http:\/\/deiadpa.com.br\/wp-content\/uploads\/2025\/12\/27.png\" alt=\"\" width=\"197\" height=\"155\" \/><\/a><\/p>\n<\/td>\n<\/tr>\n<tr>\n<td width=\"104\">\n<p style=\"text-align: center;\"><a href=\"https:\/\/maps.app.goo.gl\/U3ew1XBBJQ1bvodaA\">Distrito 22 Congrega\u00e7\u00e3o Sede Morro Santana<\/a><\/p>\n<\/td>\n<td style=\"text-align: center;\" width=\"151\"><a href=\"https:\/\/maps.app.goo.gl\/U3ew1XBBJQ1bvodaA\">Av. Dr. Luciano Raul Panatieri, 233 &#8211; Morro Santana, Porto Alegre &#8211; RS, 91450-230<\/a><\/td>\n<td width=\"170\">\n<p style=\"text-align: center;\"><a href=\"https:\/\/maps.app.goo.gl\/U3ew1XBBJQ1bvodaA\"><img loading=\"lazy\" decoding=\"async\" class=\"alignnone wp-image-878\" src=\"http:\/\/deiadpa.com.br\/wp-content\/uploads\/2025\/12\/22-1-300x244.png\" alt=\"\" width=\"199\" height=\"162\" srcset=\"https:\/\/deiadpa.com.br\/wp-content\/uploads\/2025\/12\/22-1-300x244.png 300w, https:\/\/deiadpa.com.br\/wp-content\/uploads\/2025\/12\/22-1.png 481w\" sizes=\"(max-width: 199px) 100vw, 199px\" \/><\/a><\/p>\n<\/td>\n<\/tr>\n<tr>\n<td width=\"142\">\n<p style=\"text-align: center;\"><a href=\"https:\/\/maps.app.goo.gl\/BCeMMqPQqRHDp6Ac8\">Prot\u00e1sio Alves<\/a><\/p>\n<\/td>\n<td style=\"text-align: center;\" width=\"104\"><a href=\"https:\/\/maps.app.goo.gl\/BCeMMqPQqRHDp6Ac8\">Distrito 50 Congrega\u00e7\u00e3o Sede Jardim Prot\u00e1sio Alves<\/a><\/td>\n<td style=\"text-align: center;\" width=\"151\"><a href=\"https:\/\/maps.app.goo.gl\/desxepMpDMVZ3Qdy8\">Rua Egidio Piccoli, 76 &#8211; M\u00e1rio Quintana, Porto Alegre &#8211; RS, 91263-200<\/a><\/td>\n<td width=\"170\">\n<p style=\"text-align: center;\"><a href=\"https:\/\/maps.app.goo.gl\/BCeMMqPQqRHDp6Ac8\"><img loading=\"lazy\" decoding=\"async\" class=\"alignnone wp-image-875\" src=\"http:\/\/deiadpa.com.br\/wp-content\/uploads\/2025\/12\/50.png\" alt=\"\" width=\"196\" height=\"123\" \/><\/a><\/p>\n<\/td>\n<\/tr>\n<\/tbody>\n<\/table>\n","protected":false},"excerpt":{"rendered":"<p>BAIRRO IGREJA ENDERE\u00c7O CLIQUE PARA VER Cristo Redentor Distrito 21 Congrega\u00e7\u00e3o Sede Educand\u00e1rio Av. Bras\u00edlia, 321 &#8211; Vila Ipiranga, Porto Alegre &#8211; RS, 91370-140 Sarandi [&#8230;]<\/p>\n","protected":false},"author":1,"featured_media":0,"parent":690,"menu_order":0,"comment_status":"closed","ping_status":"closed","template":"","meta":{"footnotes":""},"_links":{"self":[{"href":"https:\/\/deiadpa.com.br\/index.php\/wp-json\/wp\/v2\/pages\/714"}],"collection":[{"href":"https:\/\/deiadpa.com.br\/index.php\/wp-json\/wp\/v2\/pages"}],"about":[{"href":"https:\/\/deiadpa.com.br\/index.php\/wp-json\/wp\/v2\/types\/page"}],"author":[{"embeddable":true,"href":"https:\/\/deiadpa.com.br\/index.php\/wp-json\/wp\/v2\/users\/1"}],"replies":[{"embeddable":true,"href":"https:\/\/deiadpa.com.br\/index.php\/wp-json\/wp\/v2\/comments?post=714"}],"version-history":[{"count":19,"href":"https:\/\/deiadpa.com.br\/index.php\/wp-json\/wp\/v2\/pages\/714\/revisions"}],"predecessor-version":[{"id":914,"href":"https:\/\/deiadpa.com.br\/index.php\/wp-json\/wp\/v2\/pages\/714\/revisions\/914"}],"up":[{"embeddable":true,"href":"https:\/\/deiadpa.com.br\/index.php\/wp-json\/wp\/v2\/pages\/690"}],"wp:attachment":[{"href":"https:\/\/deiadpa.com.br\/index.php\/wp-json\/wp\/v2\/media?parent=714"}],"curies":[{"name":"wp","href":"https:\/\/api.w.org\/{rel}","templated":true}]}}