{"id":680,"date":"2025-11-21T10:48:13","date_gmt":"2025-11-21T13:48:13","guid":{"rendered":"https:\/\/deiadpa.com.br\/?page_id=680"},"modified":"2025-11-21T10:48:56","modified_gmt":"2025-11-21T13:48:56","slug":"projetos","status":"publish","type":"page","link":"https:\/\/deiadpa.com.br\/index.php\/projetos\/","title":{"rendered":"NOSSOS PROJETOS"},"content":{"rendered":"<p>Conhe\u00e7a aqui nossos projetos evangel\u00edsticos e seja um parceiro na obra da evangeliza\u00e7\u00e3o.<\/p>\n","protected":false},"excerpt":{"rendered":"<p>Conhe\u00e7a aqui nossos projetos evangel\u00edsticos e seja um parceiro na obra da evangeliza\u00e7\u00e3o.<\/p>\n","protected":false},"author":1,"featured_media":0,"parent":0,"menu_order":0,"comment_status":"closed","ping_status":"closed","template":"","meta":{"footnotes":""},"_links":{"self":[{"href":"https:\/\/deiadpa.com.br\/index.php\/wp-json\/wp\/v2\/pages\/680"}],"collection":[{"href":"https:\/\/deiadpa.com.br\/index.php\/wp-json\/wp\/v2\/pages"}],"about":[{"href":"https:\/\/deiadpa.com.br\/index.php\/wp-json\/wp\/v2\/types\/page"}],"author":[{"embeddable":true,"href":"https:\/\/deiadpa.com.br\/index.php\/wp-json\/wp\/v2\/users\/1"}],"replies":[{"embeddable":true,"href":"https:\/\/deiadpa.com.br\/index.php\/wp-json\/wp\/v2\/comments?post=680"}],"version-history":[{"count":2,"href":"https:\/\/deiadpa.com.br\/index.php\/wp-json\/wp\/v2\/pages\/680\/revisions"}],"predecessor-version":[{"id":683,"href":"https:\/\/deiadpa.com.br\/index.php\/wp-json\/wp\/v2\/pages\/680\/revisions\/683"}],"wp:attachment":[{"href":"https:\/\/deiadpa.com.br\/index.php\/wp-json\/wp\/v2\/media?parent=680"}],"curies":[{"name":"wp","href":"https:\/\/api.w.org\/{rel}","templated":true}]}}